 - (-3 + x + -1). Let s = -7 + o. Calculate the remainder when 13 is divided by s.
3
Let u(z) = -z**2 - 8*z - 9. Let a be u(-6). Suppose 3*q = a - 0. What is the remainder when 8 is divided by ((8 - 2) + -1)/q?
3
Let f(y) = 3*y**2 + 13*y + 10. What is the remainder when f(-7) is divided by 35?
31
What is the remainder when 77 is divided by 12/(-36) + 122/6?
17
Suppose -95 = -6*c - 5. Calculate the remainder when 59 is divided by c.
14
Let z be 1/4 - (-309)/12. Suppose 3*r = r + z. What is the remainder when r is divided by 8?
5
Let f be ((-2)/(-4))/(3/18). Suppose 0 = -2*i + z + 6, f*i + 7 = -3*z + 34. What is the remainder when ((-16)/10)/(2/(-10)) is divided by i?
3
Suppose r + 14 = 34. Calculate the remainder when 31 is divided by (4/(-5))/((-1)/r).
15
Let h = 4 - 1. Calculate the remainder when 28 is divided by (5/(-10))/(h/(-60)).
8
Calculate the remainder when 47 is divided by 11 + (-25)/(30/6).
5
Let c(b) = -b**3 + 6*b**2 + 18*b - 14. What is the remainder when 38 is divided by c(8)?
0
Suppose -17 = -5*o - 4*s, 0*o + 8 = 5*o + s. Let r be (0 - 4/(-2))*o. Calculate the remainder when 4 is divided by (-9)/3*(r - 3).
1
Suppose -g - 3*g + 104 = 0. Suppose a - 2*o = 8, 0 = -5*o + g - 6. Suppose 4*m = 4*p + p + 49, 0 = -5*p - 25. What is the remainder when a is divided by m?
4
Let r(u) = -u**2 - 22*u - 114. Let m be 1*-1 - 2*-1. Let g(s) = 16*s**3 + s**2 + s - 1. Calculate the remainder when g(m) is divided by r(-12).
5
Let h(d) = 2*d**3 - 2*d**2 - 3*d. Let t be h(-2). Let p = -3 - t. Suppose -4*a = -a - 24. Calculate the remainder when p is divided by a.
7
Let b(g) = g + 4. Calculate the remainder when 109 is divided by b(10).
11
Let i(u) = 6*u**2 - 7*u + 1. What is the remainder when 65 is divided by i(3)?
31
Let r = -31 + 36. Calculate the remainder when 13 is divided by r.
3
Suppose -q - 2*z + 2 = -6*z, 0 = q + z - 7. What is the remainder when 2 is divided by 8/q + (-2)/6?
0
Let k(b) = -3*b + 7. What is the remainder when 17 is divided by k(-1)?
7
Suppose -4*c - 2*u = -148, -72 - 115 = -5*c - 3*u. What is the remainder when 99 is divided by c?
29
Let d = 0 + 0. Suppose d*w + 2*w = 6. What is the remainder when -2 - -12 - (5 + 0) is divided by w?
2
Let n = 28 - 12. What is the remainder when 95 is divided by n?
15
Let t be 1*12*(-3)/6. Let l = t - 0. Calculate the remainder when 13 is divided by (-1 + 15/l)*-2.
6
Calculate the remainder when 50 is divided by (-32)/8 - 17*-1.
11
Calculate the remainder when 93 is divided by (18/(-4))/((-9)/48).
21
What is the remainder when 19 is divided by 2/4*(-1 - -9)?
3
Let v be (0/(-1))/((-2)/(-1)). Let z(a) = -6*a + 2 + 3*a + a**3 + 3*a**2 + v*a**2. What is the remainder when 47 is divided by z(2)?
15
Suppose 0*d = -4*p - 2*d + 100, 5*p + 2*d - 123 = 0. Calculate the remainder when p is divided by 12.
11
Suppose -2*j + 56 + 44 = 0. Calculate the remainder when j is divided by 26.
24
Let o(g) = -63*g**3 + g**2 - g + 1. Let x be o(1). Calculate the remainder when 59 is divided by 2/(-3) + x/(-3).
19
Suppose -i - 5 = -70. Suppose -i = -5*p - 0. Calculate the remainder when 36 is divided by p.
10
Suppose -f = 1 + 1. Calculate the remainder when (3 - -1)*(-1)/f is divided by 1.
0
Let k = 1 + 7. Let r be 4/10 + (-6)/15. Suppose r*n + n - k = 0. What is the remainder when 22 is divided by n?
6
Suppose -19 = 3*p - 154. Let d(v) = -v**3 + 5*v**2 + 7*v - 11. What is the remainder when p is divided by d(5)?
21
Suppose 5*d = 14 + 6. Suppose -1 = -5*s + d. Calculate the remainder when 12 is divided by (s - -1) + -1 - -6.
5
Let l(v) = -22*v + 1. Let y(z) = -z**3 + 6*z**2 - 4*z - 4. Calculate the remainder when l(-1) is divided by y(4).
11
Suppose 1 - 8 = -o. What is the remainder when 33 is divided by o?
5
Suppose 102 = -2*j + 5*j - 3*h, -2*h + 56 = 2*j. Let d(k) = -k**3 - 2*k**2 + 6*k + 3. What is the remainder when j is divided by d(-4)?
9
Let q(w) = 23*w**3 - w**2 + 2*w - 1. Calculate the remainder when 66 is divided by q(1).
20
Suppose 0*u + 4 = 2*s - u, -s - 5*u = -24. Let n = 21 - 15. What is the remainder when n is divided by s?
2
Let i(a) = -2*a - 4. Let c be i(-6). Let o = c - -3. Calculate the remainder when -3 - -2 - (-66)/3 is divided by o.
10
Let i = 8 + -2. Let a(h) = 6*h**2 - 4*h - 1. What is the remainder when a(2) is divided by i?
3
Let l be -10 + 1 - 2/(-1). Let d = 30 + l. Let c(b) = 2*b**2 - 4*b - 4. What is the remainder when d is divided by c(4)?
11
Let c(x) = -x**3 + 6*x**2 + 3*x + 19. Calculate the remainder when c(6) is divided by 9.
1
Let u(s) = 5*s**2 + s. Let f be u(1). Suppose 5*j = 2*c + 18, -c - 13 + f = -2*j. What is the remainder when ((-2)/4)/((-2)/4) is divided by c?
0
Let w(l) = l**2 - 7*l + 13. Calculate the remainder when 18 is divided by w(6).
4
What is the remainder when 3 - -1 - 8 - -55 is divided by 18?
15
Let i be 8 + (-3 + -1)/2. Let p = 7 - i. Calculate the remainder when p is divided by 1.
0
Let y = -19 - -72. Let n = -28 + y. What is the remainder when n is divided by 9?
7
Suppose 0*q + 2*q + 18 = -3*z, -2*z - 3*q - 12 = 0. Let t = -2 - z. Suppose 0 = -t*b + 64 - 24. What is the remainder when 29 is divided by b?
9
Suppose 5*w + 0*w = -n - 1, -3*w = n + 1. Suppose 6 = 2*v - 0*v. Calculate the remainder when v/(20/18 + n) is divided by 15.
12
Let c(v) = -6*v + 1. Suppose -35 = 4*y + y. Calculate the remainder when c(y) is divided by 22.
21
Let j = 21 - 10. Calculate the remainder when j is divided by 5.
1
Let t = 26 - 16. Calculate the remainder when -1 + 6/((-24)/(-116)) is divided by t.
8
Suppose -205 = -5*d + 2*u, -3*d + 5*u = 32 - 136. What is the remainder when d is divided by 11?
10
Let q(z) = 12*z**2 + 2*z + 2. Suppose 2*y - 8 - 62 = 0. Calculate the remainder when y is divided by q(-1).
11
Suppose 9 + 9 = 3*b. Calculate the remainder when b*(1 - 9/(-6)) is divided by 8.
7
Let d = 6 + 23. Calculate the remainder when d is divided by 40/6 - (-4)/(-6).
5
Let n = -82 - -102. What is the remainder when n is divided by (2 - 1)*(1 + 11)?
8
Let q(g) = g**2 - 3*g - 6. Let b be q(5). Suppose 3*y - o - 5 = 0, 4*y + b*o - 2*o = 0. What is the remainder when (17 - (1 - 2))*y is divided by 10?
8
Let a = 13 + -8. Let c(h) = h**3 - 4*h**2 + 4*h + 2. What is the remainder when c(a) is divided by 12?
11
Suppose -6*t + 4*t + 26 = 0. What is the remainder when t is divided by (-12)/30 + 22/5?
1
Suppose -5*d - 3*c = -16 - 148, d - 4*c = 42. Calculate the remainder when d is divided by 7.
6
Suppose -23*p = -29*p + 72. What is the remainder when p is divided by (-10)/(-8)*(4 - 0)?
2
Suppose -3*h + 109 = -50. Suppose -5*k - x + 32 = -19, 4 = 4*x. Let t = 8 + k. Calculate the remainder when h is divided by t.
17
Suppose -6*w + 4*w + 20 = 0. Calculate the remainder when 29 is divided by w.
9
Let w = -11 + 17. Let t = w + -5. Let k(i) = 18*i - 1. What is the remainder when 32 is divided by k(t)?
15
What is the remainder when 8/6 - 23/(-3) is divided by 5?
4
Let a(l) = -5*l**3 + 2*l**2 + 2*l + 9. Let v(w) = 2*w**3 - w**2 - w - 5. Let n(c) = -6*a(c) - 11*v(c). What is the remainder when n(1) is divided by 4?
3
Let v(l) = -l**3 + 9*l**2 + 3*l + 13. What is the remainder when v(9) is divided by 22?
18
Suppose 7*n - y = 5*n + 132, 5*n - 2*y = 328. Calculate the remainder when n is divided by 13.
12
Let n be ((-4)/(-6))/((-3)/(-9)). Let i(x) = -1 + 5*x**n + x**2 - x + 3. What is the remainder when i(3) is divided by 18?
17
Suppose 4*n = 4*d + 28, -4*n + 32 = -0*n - 5*d. Suppose -5*m = -0*m - 25. Calculate the remainder when m is divided by n.
2
Suppose 4*u - 9*u + 36 = 4*g, u - 5*g = -16. Suppose 5*x + 3*i + 1 = 2*i, -2*x = i + 1. Let k = 10 + x. Calculate the remainder when k is divided by u.
2
Suppose 5*c = 5*a - 10 - 135, -3*c = -12. What is the remainder when a is divided by 9?
6
Let v = 259 - 185. Let g = -99 + 118. What is the remainder when v is divided by g?
17
Let s(a) = a**3 - 9*a**2 + 9*a + 11. What is the remainder when 35 is divided by s(8)?
16
Suppose -3*h = -3*k, -k - 4*k - 2*h + 28 = 0. Calculate the remainder when 7 is divided by k.
3
Let f(o) = 3*o**2 + 2. Let m be f(-2). Let p be 2*7*12/m. What is the remainder when 28 is divided by (5/2)/(2/p)?
13
Suppose 46 = -0*z + z. Suppose -6*y = -3*y - 48. Calculate the remainder when z is divided by y.
14
Let k(f) = -2*f - 1. Le